umber?
True
Let p = 436 - 449. Is 2309 + (-3)/(-3) - (p - -14) composite?
False
Suppose -127*g - 52*g = 41*g - 60804260. Is g prime?
False
Is 6*17573 - ((-12)/15*10 - -9) a composite number?
False
Suppose 3*c - 439899 = -3*b, 9*b - 18 = 12*b. Is c prime?
True
Let p be (-14)/14 + (-9)/(-1). Is (-6)/(-16) - (-18453)/p prime?
False
Let m = -4629 + 4638. Let o(s) = -6*s**3 + 2*s**2 + 17*s - 9. Let l(d) = -7*d**3 + 2*d**2 + 18*d - 8. Let w(j) = 5*l(j) - 6*o(j). Is w(m) composite?
True
Let u be (334/8)/((3/(-408))/(-1)). Suppose -34*n = u - 90780. Is n a prime number?
True
Let x be (3 + -1)/(2/277). Suppose x + 1590 = m. Let s = 3461 - m. Is s composite?
True
Let u(y) = -136*y + 96. Let o be u(-22). Let r = o + -797. Is r prime?
False
Suppose -14*k + 18848 = -22*k. Let v = 5847 + k. Is v a prime number?
True
Let m be 12*105/(-56)*16144/(-3). Suppose -8*y - m = -32*y. Is y a composite number?
True
Let g = -157012 + 257459. Is g composite?
False
Let f be 0 + -3*(-2)/(-6). Let a(h) = 9*h**2 - h - 1. Let s be a(f). Suppose 14*p - s*p = 2955. Is p a composite number?
True
Is (-13)/13*(-3 - 4727820/6) a composite number?
False
Suppose 4*u + 25702 = 5*l, 3*l + 10710 = -2*u - 2152. Let s = -11930 - -7343. Let t = s - u. Is t a prime number?
False
Let k(x) = 5*x**2 - 7*x + 2. Let s be k(6). Suppose -z = -6*z - s. Is 9/(18/z)*509/(-2) a composite number?
True
Let t(y) = 296226*y**2 - 1097*y - 2195. Is t(-2) a composite number?
False
Let w = 76 - 72. Suppose -24*b + 7420 = w*b. Is b composite?
True
Suppose -5*j = -61443 + 18353. Suppose j = 8*c - 30734. Is c a composite number?
False
Let y(k) = 2*k**2 + 45*k - 13. Let r be y(-23). Suppose r = 5*s - 3*s. Suppose -8*z - s*z + 7553 = 0. Is z composite?
True
Let d be 1/3 - (-25)/15. Suppose -d*h + a = 642, -5*a - 528 = 2*h + 114. Is (32/6)/(-2)*h/4 a prime number?
False
Let v(j) be the second derivative of 71*j**3/3 - 49*j**2/2 - 6*j - 18. Let p = 9 - 1. Is v(p) prime?
True
Suppose 4*c + y - 460121 = 273871, -4*c + 733984 = -y. Is c prime?
True
Let z(g) = -924*g - 31. Suppose 407*t = 402*t - 15. Is z(t) composite?
False
Let w(t) = -33*t - 490. Is w(-29) composite?
False
Suppose -109*b = -133*b + 649176. Is b a composite number?
True
Suppose 28 = 9*u - 2*u. Suppose 0 = 5*j - 3*d - 3832, 11*j + u*d - 771 = 10*j. Is j composite?
True
Let p be (-4)/(-14) + (-1508)/182. Is -2*13627/p - 1/(-4) composite?
False
Suppose 4*w + 1396602 = 5*p - 228531, -5*p = w - 1625148. Is p a composite number?
True
Let y(d) = 632*d + 17. Let x be y(6). Let u = -2296 + x. Is u a prime number?
False
Let f(u) = 115*u**2 + 8*u + 19. Let z be f(-9). Let n = 5047 - z. Let h = n + 7412. Is h a prime number?
False
Suppose -179423 = 7*n - 1000488. Is n composite?
True
Let c(u) = u**3 + 65*u**2 - 56*u - 927. Is c(-59) a composite number?
True
Suppose -5*a + 14 = 2*y, 3*y - 5*a - 17 = -21. Suppose -6*c + y*c - 3*l = -11279, 5*c - 14098 = -3*l. Is c prime?
True
Suppose 0 = 6*h + 7*h - 65. Suppose 12 = 5*o + i, -3*i + h = o - 3. Is (-6)/o*(1138/(-6) + -6) composite?
False
Let h(m) = -61*m + 9611. Is h(102) prime?
True
Is 13 - (-12782)/21*627 prime?
False
Let d = 805846 - -91587. Is d composite?
False
Let g = 10420 - 7841. Is g a prime number?
True
Let j(w) = -166. Let c(i) = i + 165. Let x(f) = 5*c(f) + 4*j(f). Suppose 4*a + 2*a = a. Is x(a) composite?
True
Let u(z) = 207*z - 3. Let h be u(3). Let o = h - 76. Is o a prime number?
False
Let y be 3029 + (2 - (2 + 3)). Let v(t) = t**3 + 18*t**2 + t + 19. Let w be v(-18). Is y - -9 - (-1 - w) a composite number?
False
Let s = 12992 + -4725. Is s a prime number?
False
Is 11440312/820 + 6/(-10) composite?
True
Suppose 9*y - 60 = 5*y. Let p = y + -21. Is (4/p)/(14/(-23457)) prime?
True
Let h(k) = 25*k**2 + 5*k + 81. Let u(n) = -2*n**2 + 25*n + 23. Let q be u(13). Is h(q) a composite number?
True
Is 9522 - 4*(-7 + 261/36) prime?
True
Let j(a) = -440*a**2 - 18*a + 1. Let n(k) = 1319*k**2 + 53*k - 3. Let i be (0/(-4) - 4) + 7. Let s(p) = i*n(p) + 8*j(p). Is s(2) a prime number?
True
Suppose 0 = -13*c - 27*c + 1196080. Is c a prime number?
False
Let n(m) = m**3 - m**2 - m + 205. Let t = -122 + 122. Is n(t) composite?
True
Suppose -18*l + 14*l - 61104 = 0. Let y = l + 21733. Is y prime?
False
Let s = 137136 + -65000. Suppose -2*h - 3*y = -2*y - 36066, y - s = -4*h. Is h a prime number?
False
Let u be (5/(-15))/((-6)/4068). Is (u/(-4))/((-8)/1424) composite?
True
Is (29306/(-12))/(128797/4602 - 28) prime?
False
Let s be (-351)/468 - (-5247)/4. Let f = s - -5602. Is f prime?
False
Is ((-3699232)/(-28) - 8/(-14)) + -13 a composite number?
False
Let z = 8334 + -5406. Suppose -177409 = 251*v + 186541. Let c = v + z. Is c prime?
False
Let t = 1346 - -3603. Suppose -t = -10*z + 3701. Is z a composite number?
True
Let u(g) = 3*g + 2. Let w be u(-2). Let h(l) = -l**2 - l + 10. Let t be h(w). Let x(o) = -407*o + 7. Is x(t) prime?
True
Let j(t) = 295212*t**2 - 88*t + 11. Is j(-2) a prime number?
False
Let i = 28 - -14. Is (2/3)/(i/27909) a prime number?
True
Suppose -7*g + 2*g - 37 = -3*r, 3*r = 3*g + 27. Suppose -7305 = -3*j + r*p, 2435 = -4*j + 5*j + 2*p. Is j a prime number?
False
Let h = -193 - -195. Suppose y = 2*v - 0*y - 3849, 0 = h*v + 2*y - 3840. Is v prime?
False
Is (-13 - 127010/(-2)) + 10 a composite number?
True
Suppose 20470 = 449*h - 439*h. Is h a composite number?
True
Suppose -38*v + 19 = 171. Is 859 + (1 - (-4)/v) composite?
False
Is -161362*(-1 - (-4)/(-12)) - 5/15 a composite number?
True
Suppose 5*q + 5*u + 10890 = 0, -5*u + 64 = 44. Let j = 3961 - q. Is j composite?
False
Let g be 11/(-44)*-52*(-1 + 12). Let i = 68 + g. Is i prime?
True
Suppose x - 4*r + 9*r = -8, x + 2*r + 2 = 0. Suppose 2*b = -x*y + 42, -y = 3*b - b - 25. Suppose y*f = 18*f - 307. Is f a prime number?
True
Suppose 7*k - 11*k + 16 = 0. Suppose -20808 = -k*x + 11388. Suppose 0 = -18*m + 21*m - x. Is m a prime number?
True
Let p = 547640 + -278353. Is p composite?
True
Let w = -88760 + 124638. Is w a prime number?
False
Suppose 0 = -c - l + 60686, c + 69*l = 64*l + 60702. Is c a composite number?
True
Let a(g) = 9501*g - 84. Let r be a(7). Suppose -r = -17*q + 14*q. Is q composite?
True
Let m = 3009 - -424. Suppose -55*w - 1242 = -68*w - 125*w. Suppose 8*g = w*g - m. Is g prime?
True
Let o = 361572 + -161659. Is o prime?
False
Let w = 4 - 1. Suppose 2*b + b - 389 = 5*k, 4*b + w*k = 567. Let j = b - -116. Is j a prime number?
False
Let s be (-1 + 1)*(-7)/(-14). Let d(i) = -2*i**3 + 2*i**2 + i + 6521. Is d(s) composite?
False
Suppose -4*i + 6*i + 2032 = -2*q, -3*i - 4*q - 3045 = 0. Let o = i - -4962. Is o a composite number?
False
Suppose -n = p - 190 - 6605, -4*n = -16. Is p composite?
False
Let t(v) be the third derivative of 107*v**6/2 + v**5/30 - v**4/12 + v**3/6 - 6*v**2 - 1. Is t(1) prime?
True
Suppose 389*s - 384*s = -3*z + 148821, -2*s - 198376 = -4*z. Is z a prime number?
True
Suppose -b + 12162 - 3459 = 0. Let h = b + -4084. Is h composite?
True
Let b be (3/(-6)*4)/(-1). Is 7 - -48*201/b prime?
True
Let k = -529611 + 833984. Is k prime?
True
Suppose -v = 5*h - 55469, v + h - 9153 = 46316. Is v prime?
True
Suppose 2*a - 5 = -0*a + 5*f, 0 = -4*a + f + 19. Suppose -8*k + 11 = -a. Is ((-188)/(-3) + k)*105/10 a composite number?
True
Let r(t) = -350*t + 126. Let q be r(-5). Let b = 8909 - q. Is b a prime number?
False
Let p = 46254 - -39595. Is p a prime number?
False
Suppose 0 = 3*x - 2*q - 54934 + 3486, 5*x - 85745 = 3*q. Is x prime?
False
Let v(n) = -n**2 - 3*n + 7. Let l be v(-5). Let s be (-156)/(-18)*l/(-2). Let f(o) = 14*o**2 + 17*o - 18. Is f(s) composite?
True
Suppose 4*f - 4175950 = -46*f. Is f a composite number?
True
Let x = 761729 + -457302. Is x composite?
True
Let j = 404340 + -285553. Is j a composite number?
False
Let p be ((-4)/(-8))/((-1)/(-10)). Suppose y + 240 = p*x, 5*y = -5*x + 112 + 128. Suppose l + x - 343 = 0. Is l composite?
True
Let b be (34326/42 - 5) + 2/(-7). Let g be (b/8)/(-7)*-70. Let v = g + -588. Is v a composite number?
True
Suppose 5*c = 5*v + 423 - 3908, -v - c = -693. Let z = 51 + v. Is z prime?
False
Is -3631*18/4*(-42)/189 composite?
False
Let a be (-1)/3 - 140780/(-15). Let q = -6284 + a. Suppose 3*x + 4*x = q. Is x a prime number?
True
Let z = 84 - 107. Let q = 21 + z. Is ((-443)/(-8)*